3205 (base 7) to base 8.
36262
What is 1101001 (base 3) in base 11?
82a
-1626 (base 8) to base 11
-765
-103466 (base 7) to base 11
-12647
-21523 (base 6) to base 16
-bbb
What is 143c (base 13) in base 8?
5554
-dc5 (base 16) to base 6
-24153
Convert -120211212 (base 3) to base 12.
-6828
What is 1002 (base 7) in base 11?
294
Convert -20780 (base 14) to base 4.
-103013230
-2494 (base 10) to base 13
-119b
11113 (base 8) to base 2
1001001001011
What is 301 (base 10) in base 16?
12d
What is -434430 (base 5) in base 3?
-202120012
cb5 (base 16) to base 14
1285
Convert 2010022 (base 3) to base 10.
1547
Convert 40a1 (base 14) to base 11.
8397
-1100100 (base 2) to base 8
-144
What is 111100100 (base 2) in base 6?
2124
-15864 (base 9) to base 14
-3d96
What is -656 (base 9) in base 8?
-1031
What is -130 (base 8) in base 3?
-10021
What is 66a (base 12) in base 2?
1110110010
1030 (base 9) to base 3
1001000
What is 21410 (base 5) in base 14?
77a
1712c (base 15) to base 13
27bc1
What is -197 (base 12) in base 2?
-100000011
What is -9111 (base 10) in base 8?
-21627
3220011 (base 5) to base 3
2202121010
What is -233 (base 11) in base 12?
-1b2
Convert 693 (base 10) to base 16.
2b5
Convert -2868 (base 9) to base 16.
-878
What is -b74 (base 15) in base 6?
-15544
aee7 (base 16) to base 12
21ab3
5105 (base 9) to base 3
12010012
296 (base 11) to base 3
110212
-6320 (base 8) to base 2
-110011010000
-327 (base 9) to base 7
-532
Convert 1033342 (base 5) to base 16.
4634
What is -32 (base 10) in base 4?
-200
-12203212 (base 4) to base 13
-c2b9
What is -26675 (base 13) in base 7?
-415130
What is 1843 (base 14) in base 4?
1010103
Convert 99 (base 13) to base 2.
1111110
Convert -847 (base 15) to base 3.
-2120011
Convert -3320201 (base 4) to base 14.
-5b21
Convert 10984 (base 11) to base 4.
3313032
Convert -201131 (base 6) to base 7.
-64063
301 (base 16) to base 6
3321
Convert 1622 (base 12) to base 5.
40433
What is -4519 (base 11) in base 10?
-5949
What is 1112120211 (base 3) in base 7?
154246
-26c0 (base 16) to base 5
-304140
-19b0 (base 13) to base 12
-2299
What is 1101010010 (base 2) in base 4?
31102
What is -522 (base 8) in base 12?
-242
-c733 (base 13) to base 8
-65705
Convert 213 (base 8) to base 11.
117
Convert -781 (base 11) to base 2.
-1110101000
What is a3a (base 16) in base 13?
1265
Convert 201022 (base 3) to base 6.
2225
What is -113041 (base 8) in base 2?
-1001011000100001
Convert -652 (base 8) to base 15.
-1d6
-13308 (base 9) to base 3
-110100022
21020 (base 5) to base 8
2551
Convert 24305 (base 6) to base 7.
13256
What is -1013310 (base 4) in base 15?
-1566
Convert 206 (base 15) to base 13.
291
Convert -110011101 (base 3) to base 11.
-6730
-4154 (base 7) to base 8
-2664
What is -100010010111 (base 2) in base 15?
-9b9
11000100 (base 2) to base 11
169
Convert 2bd9 (base 15) to base 3.
110221020
Convert 76136 (base 8) to base 10.
31838
Convert 12311 (base 4) to base 15.
1e2
1102 (base 4) to base 12
6a
What is 16 (base 9) in base 4?
33
Convert 3011313 (base 4) to base 9.
18330
4306 (base 8) to base 2
100011000110
3587 (base 15) to base 7
45112
What is 12f3 (base 16) in base 11?
3710
Convert -2777 (base 12) to base 2.
-1000111001011
What is -7228 (base 11) in base 16?
-2575
-102 (base 4) to base 11
-17
Convert -b644 (base 13) to base 11.
-17a63
Convert 10101000111 (base 2) to base 11.
1019
What is 57673 (base 9) in base 2?
1001011000111100
414a (base 12) to base 7
26512
What is 5434 (base 6) in base 4?
103132
-21732 (base 8) to base 7
-35521
What is 1122010 (base 3) in base 9?
1563
Convert -21501 (base 8) to base 9.
-13337
What is -1657 (base 10) in base 13?
-9a6
What is -153a (base 13) in base 2?
-110000010011
What is a7ab (base 14) in base 13?
1024c
-8003 (base 11) to base 4
-2212123
Convert -1183 (base 9) to base 3.
-1012210
-23 (base 5) to base 14
-d
What is -90e0 (base 15) in base 12?
-15849
22231 (base 4) to base 2
1010101101
-2234 (base 6) to base 16
-20e
Convert 2164 (base 12) to base 7.
13501
Convert 6b4 (base 13) to base 3.
1121000
Convert -415 (base 16) to base 15.
-49a
Convert 4132 (base 5) to base 16.
21e
-1382 (base 12) to base 10
-2258
Convert -4430 (base 7) to base 4.
-120311
What is -159 (base 14) in base 13?
-182
-10102112021 (base 3) to base 12
-33051
What is -1101011100 (base 2) in base 10?
-860
6080 (base 9) to base 5
120241
What is 10233 (base 5) in base 10?
693
What is -1240003 (base 6) in base 13?
-248a3
Convert -37a4 (base 15) to base 8.
-27116
Convert -2228 (base 14) to base 2.
-1011100011100
Convert -2101111 (base 3) to base 2.
-11011001101
4155 (base 12) to base 2
1101111010001
Convert -20021211 (base 3) to base 8.
-10751
What is -10100001100000010 (base 2) in base 10?
-82690
Convert -1101120112 (base 3) to base 15.
-81b2
What is 930 (base 14) in base 5?
24211
What is -1441 (base 10) in base 3?
-1222101
What is 116452 (base 7) in base 15?
6584
Convert 5b9 (base 13) to base 10.
997
Convert 14132 (base 5) to base 6.
5223
Convert 1598 (base 10) to base 9.
2165
What is 341 (base 7) in base 6?
452
Convert 1003024 (base 5) to base 2.
11111010001110
Convert -215145 (base 6) to base 5.
-1033433
What is -1903 (base 15) in base 8?
-12433
-8227 (base 9) to base 7
-23356
Convert -1110000011111 (base 2) to base 11.
-5455
Convert 806 (base 9) to base 6.
3010
What is 10010100010 (base 2) in base 10?
1186
What is 227 (base 16) in base 9?
672
What is c34 (base 13) in base 4?
200113
What is -122 (base 13) in base 7?
-401
What is 362 (base 12) in base 15?
23b
Convert -11020202022 (base 3) to base 2.
-10100011011000110
What is -653 (base 8) in base 6?
-1551
-14a1 (base 15) to base 5
-120201
Convert -111101001 (base 2) to base 10.
-489
1543 (base 10) to base 15
6cd
Convert 15364 (base 7) to base 15.
1424
Convert 3198 (base 11) to base 16.
107d
Convert 2b1 (base 15) to base 13.
385
-100202 (base 3) to base 15
-128
What is -12516 (base 7) in base 9?
-4526
What is -261 (base 7) in base 2?
-10001101
124501 (base 7) to base 2
101101010111011
121324 (base 8) to base 5
2313214
Convert -54c0 (base 16) to base 6.
-244240
What is -51251 (base 8) in base 5?
-1134121
What is -13373 (base 9) in base 8?
-21541
What is 11210 (base 4) in base 8?
544
What is 1021 (base 3) in base 5?
114
-7152 (base 9) to base 15
-183b
What is -10120 (base 3) in base 13?
-75
Convert -1942 (base 14) to base 11.
-3481
Convert -23300 (base 5) to base 13.
-a0a
What is -bd5 (base 16) in base 7?
-11555
-4187 (base 14) to base 2
-10110000011011
-280 (base 9) to base 7
-453
Convert 3c3 (base 14) to base 8.
1367
406 (base 13) to base 16
2aa
What is -21131202 (base 4) in base 7?
-220662
Convert -42f5 (base 16) to base 15.
-512b
What is 2103202 (base 4) in base 14?
3626
Convert -3a20 (base 13) to base 2.
-10000001110011
-62 (base 12) to base 8
-112
-15a0 (base 11) to base 5
-31141
What is -22889 (base 11) in base 4?
-20003301
-5a7 (base 14) to base 9
-1482
Convert -100101100010001 (base 2) to base 9.
-28322
Convert -2231 (base 6) to base 8.
-1013
111b (base 15) to base 9
4868
Convert -87d (base 16) to base 14.
-b13
-bcc (base 16) to base 5
-44040
-729 (base 14) to base 12
-995
-110111000110 (base 2) to base 14
-13dc
Convert -42be (base 15) to base 3.
-201101022
Convert 278 (base 15) to base 9.
685
-1b24 (base 12) to base 7
-12511
-323 (base 8) to base 13
-133
-477 (base 12) to base 6
-3031
What is -571 (base 9) in base 10?
-469
Convert -18ad0 (base 14) to base 4.
-33100232
Convert -930 (base 11) to base 13.
-684
9495 (base 12) to base 16
3f71
Convert 395 (base 14) to base 16.
2cf
Convert -111100001000 (base 2) to base 6.
-25452
Convert baa (base 13) to base 7.
5554
4032 (base 9) to base 10
2945
22442 (base 8) to base 13
4433
What is -11001102 (base 3) in base 16?
-b8a
What is -5 (base 13) in base 11?
-5
5503 (base 14) to base 9
22146
What is -7685 (base 14) in base 10?
-20501
1011000010111 (base 2) to base 15
1a20
2aa21 (base 12) to base 4
32230321
What is -1010010111000 (base 2) in base 3?
-21021110
-202102 (base 3) to base 5
-4201
What is -465 (base 10) in base 8?
-721
Convert -113123 (base 4) to base 10.
-1499
Convert 360 (base 15) to base 2.
1011111101
-6426 (base 7) to base 11
-1788
What is -100101 (base 2) in base 13?
-2b
What is -10011 (base 4) in base 5?
-2021
-1987 (base 15) to base 14
-20